{"id":4015,"date":"2026-01-04T14:56:10","date_gmt":"2026-01-04T13:56:10","guid":{"rendered":"https:\/\/mamscouture.fr\/?post_type=product&#038;p=4015"},"modified":"2026-04-02T23:22:25","modified_gmt":"2026-04-02T21:22:25","slug":"sac-maternelle-savane-2","status":"publish","type":"product","link":"https:\/\/mamscouture.fr\/?product=sac-maternelle-savane-2","title":{"rendered":"sac maternelle savane"},"content":{"rendered":"<p>\ud83c\udf92 Sac \u00e0 dos enfant fait main imperm\u00e9able<\/p>\n<p>Un petit sac id\u00e9al pour la maternelle, la cr\u00e8che ou les sorties chez la nounou \ud83e\udd70<\/p>\n<p>Con\u00e7u pour \u00eatre \u00e0 la fois pratique et confortable :<br \/>\n\u2728 Bretelles r\u00e9glables pour s\u2019adapter \u00e0 la taille de l\u2019enfant<br \/>\n\u2728 fermeture \u00e9clair<br \/>\n\u2728 simli cuir sur le bas<br \/>\nChaque sac est enti\u00e8rement confectionn\u00e9 \u00e0 la main et personnalisable. L\u2019int\u00e9rieur est doubl\u00e9, pour une meilleure tenue et une belle finition.<br \/>\n\ud83d\udc95 Personnalisation<br \/>\nLe sac peut \u00eatre personnalis\u00e9 avec le pr\u00e9nom de l\u2019enfant , pour un cadeau unique.<\/p>\n<p>27 CM HAUTEUR<\/p>\n<p>PROF 13CM<\/p>\n<p>18\/20 LARGEUR<\/p>\n<p>&nbsp;<\/p>\n","protected":false},"excerpt":{"rendered":"<p>\ud83c\udf92 Sac \u00e0 dos enfant fait main imperm\u00e9able Un petit sac id\u00e9al pour la maternelle, la cr\u00e8che ou les sorties [&hellip;]<\/p>\n","protected":false},"featured_media":4010,"comment_status":"open","ping_status":"closed","template":"","meta":{"site-sidebar-layout":"default","site-content-layout":"","ast-site-content-layout":"default","site-content-style":"default","site-sidebar-style":"default","ast-global-header-display":"","ast-banner-title-visibility":"","ast-main-header-display":"","ast-hfb-above-header-display":"","ast-hfb-below-header-display":"","ast-hfb-mobile-header-display":"","site-post-title":"","ast-breadcrumbs-content":"","ast-featured-img":"","footer-sml-layout":"","theme-transparent-header-meta":"default","adv-header-id-meta":"","stick-header-meta":"","header-above-stick-meta":"","header-main-stick-meta":"","header-below-stick-meta":"","astra-migrate-meta-layouts":"set","ast-page-background-enabled":"default","ast-page-background-meta":{"desktop":{"background-color":"var(--ast-global-color-4)","background-image":"","background-repeat":"repeat","background-position":"center center","background-size":"auto","background-attachment":"scroll","background-type":"","background-media":"","overlay-type":"","overlay-color":"","overlay-opacity":"","overlay-gradient":""},"tablet":{"background-color":"","background-image":"","background-repeat":"repeat","background-position":"center center","background-size":"auto","background-attachment":"scroll","background-type":"","background-media":"","overlay-type":"","overlay-color":"","overlay-opacity":"","overlay-gradient":""},"mobile":{"background-color":"","background-image":"","background-repeat":"repeat","background-position":"center center","background-size":"auto","background-attachment":"scroll","background-type":"","background-media":"","overlay-type":"","overlay-color":"","overlay-opacity":"","overlay-gradient":""}},"ast-content-background-meta":{"desktop":{"background-color":"var(--ast-global-color-5)","background-image":"","background-repeat":"repeat","background-position":"center center","background-size":"auto","background-attachment":"scroll","background-type":"","background-media":"","overlay-type":"","overlay-color":"","overlay-opacity":"","overlay-gradient":""},"tablet":{"background-color":"var(--ast-global-color-5)","background-image":"","background-repeat":"repeat","background-position":"center center","background-size":"auto","background-attachment":"scroll","background-type":"","background-media":"","overlay-type":"","overlay-color":"","overlay-opacity":"","overlay-gradient":""},"mobile":{"background-color":"var(--ast-global-color-5)","background-image":"","background-repeat":"repeat","background-position":"center center","background-size":"auto","background-attachment":"scroll","background-type":"","background-media":"","overlay-type":"","overlay-color":"","overlay-opacity":"","overlay-gradient":""}}},"product_cat":[115],"product_tag":[],"class_list":{"0":"post-4015","1":"product","2":"type-product","3":"status-publish","4":"has-post-thumbnail","6":"product_cat-sac-maternelle","7":"desktop-align-left","8":"tablet-align-left","9":"mobile-align-left","11":"first","12":"instock","13":"shipping-taxable","14":"purchasable","15":"product-type-simple"},"yoast_head":"<!-- This site is optimized with the Yoast SEO plugin v23.4 - https:\/\/yoast.com\/wordpress\/plugins\/seo\/ -->\n<title>sac maternelle savane - Mam&#039;s couture<\/title>\n<meta name=\"robots\" content=\"index, follow, max-snippet:-1, max-image-preview:large, max-video-preview:-1\" \/>\n<link rel=\"canonical\" href=\"https:\/\/mamscouture.fr\/?product=sac-maternelle-savane-2\" \/>\n<meta property=\"og:locale\" content=\"fr_FR\" \/>\n<meta property=\"og:type\" content=\"article\" \/>\n<meta property=\"og:title\" content=\"sac maternelle savane - Mam&#039;s couture\" \/>\n<meta property=\"og:description\" content=\"\ud83c\udf92 Sac \u00e0 dos enfant fait main imperm\u00e9able Un petit sac id\u00e9al pour la maternelle, la cr\u00e8che ou les sorties [&hellip;]\" \/>\n<meta property=\"og:url\" content=\"https:\/\/mamscouture.fr\/?product=sac-maternelle-savane-2\" \/>\n<meta property=\"og:site_name\" content=\"Mam&#039;s couture\" \/>\n<meta property=\"article:modified_time\" content=\"2026-04-02T21:22:25+00:00\" \/>\n<meta property=\"og:image\" content=\"https:\/\/mamscouture.fr\/wp-content\/uploads\/2026\/01\/07F2838F-E015-449B-897B-FB136B7D76D9.jpeg\" \/>\n\t<meta property=\"og:image:width\" content=\"1536\" \/>\n\t<meta property=\"og:image:height\" content=\"2048\" \/>\n\t<meta property=\"og:image:type\" content=\"image\/jpeg\" \/>\n<meta name=\"twitter:card\" content=\"summary_large_image\" \/>\n<meta name=\"twitter:label1\" content=\"Dur\u00e9e de lecture estim\u00e9e\" \/>\n\t<meta name=\"twitter:data1\" content=\"1 minute\" \/>\n<script type=\"application\/ld+json\" class=\"yoast-schema-graph\">{\"@context\":\"https:\/\/schema.org\",\"@graph\":[{\"@type\":\"WebPage\",\"@id\":\"https:\/\/mamscouture.fr\/?product=sac-maternelle-savane-2\",\"url\":\"https:\/\/mamscouture.fr\/?product=sac-maternelle-savane-2\",\"name\":\"sac maternelle savane - Mam&#039;s couture\",\"isPartOf\":{\"@id\":\"https:\/\/mamscouture.fr\/#website\"},\"primaryImageOfPage\":{\"@id\":\"https:\/\/mamscouture.fr\/?product=sac-maternelle-savane-2#primaryimage\"},\"image\":{\"@id\":\"https:\/\/mamscouture.fr\/?product=sac-maternelle-savane-2#primaryimage\"},\"thumbnailUrl\":\"https:\/\/mamscouture.fr\/wp-content\/uploads\/2026\/01\/07F2838F-E015-449B-897B-FB136B7D76D9.jpeg\",\"datePublished\":\"2026-01-04T13:56:10+00:00\",\"dateModified\":\"2026-04-02T21:22:25+00:00\",\"breadcrumb\":{\"@id\":\"https:\/\/mamscouture.fr\/?product=sac-maternelle-savane-2#breadcrumb\"},\"inLanguage\":\"fr-FR\",\"potentialAction\":[{\"@type\":\"ReadAction\",\"target\":[\"https:\/\/mamscouture.fr\/?product=sac-maternelle-savane-2\"]}]},{\"@type\":\"ImageObject\",\"inLanguage\":\"fr-FR\",\"@id\":\"https:\/\/mamscouture.fr\/?product=sac-maternelle-savane-2#primaryimage\",\"url\":\"https:\/\/mamscouture.fr\/wp-content\/uploads\/2026\/01\/07F2838F-E015-449B-897B-FB136B7D76D9.jpeg\",\"contentUrl\":\"https:\/\/mamscouture.fr\/wp-content\/uploads\/2026\/01\/07F2838F-E015-449B-897B-FB136B7D76D9.jpeg\",\"width\":1536,\"height\":2048},{\"@type\":\"BreadcrumbList\",\"@id\":\"https:\/\/mamscouture.fr\/?product=sac-maternelle-savane-2#breadcrumb\",\"itemListElement\":[{\"@type\":\"ListItem\",\"position\":1,\"name\":\"Accueil\",\"item\":\"https:\/\/mamscouture.fr\/\"},{\"@type\":\"ListItem\",\"position\":2,\"name\":\"Boutique\",\"item\":\"https:\/\/mamscouture.fr\/?page_id=6\"},{\"@type\":\"ListItem\",\"position\":3,\"name\":\"sac maternelle savane\"}]},{\"@type\":\"WebSite\",\"@id\":\"https:\/\/mamscouture.fr\/#website\",\"url\":\"https:\/\/mamscouture.fr\/\",\"name\":\"Mam&#039;s couture\",\"description\":\"Un site utilisant WordPress\",\"potentialAction\":[{\"@type\":\"SearchAction\",\"target\":{\"@type\":\"EntryPoint\",\"urlTemplate\":\"https:\/\/mamscouture.fr\/?s={search_term_string}\"},\"query-input\":{\"@type\":\"PropertyValueSpecification\",\"valueRequired\":true,\"valueName\":\"search_term_string\"}}],\"inLanguage\":\"fr-FR\"}]}<\/script>\n<!-- \/ Yoast SEO plugin. -->","yoast_head_json":{"title":"sac maternelle savane - Mam&#039;s couture","robots":{"index":"index","follow":"follow","max-snippet":"max-snippet:-1","max-image-preview":"max-image-preview:large","max-video-preview":"max-video-preview:-1"},"canonical":"https:\/\/mamscouture.fr\/?product=sac-maternelle-savane-2","og_locale":"fr_FR","og_type":"article","og_title":"sac maternelle savane - Mam&#039;s couture","og_description":"\ud83c\udf92 Sac \u00e0 dos enfant fait main imperm\u00e9able Un petit sac id\u00e9al pour la maternelle, la cr\u00e8che ou les sorties [&hellip;]","og_url":"https:\/\/mamscouture.fr\/?product=sac-maternelle-savane-2","og_site_name":"Mam&#039;s couture","article_modified_time":"2026-04-02T21:22:25+00:00","og_image":[{"width":1536,"height":2048,"url":"https:\/\/mamscouture.fr\/wp-content\/uploads\/2026\/01\/07F2838F-E015-449B-897B-FB136B7D76D9.jpeg","type":"image\/jpeg"}],"twitter_card":"summary_large_image","twitter_misc":{"Dur\u00e9e de lecture estim\u00e9e":"1 minute"},"schema":{"@context":"https:\/\/schema.org","@graph":[{"@type":"WebPage","@id":"https:\/\/mamscouture.fr\/?product=sac-maternelle-savane-2","url":"https:\/\/mamscouture.fr\/?product=sac-maternelle-savane-2","name":"sac maternelle savane - Mam&#039;s couture","isPartOf":{"@id":"https:\/\/mamscouture.fr\/#website"},"primaryImageOfPage":{"@id":"https:\/\/mamscouture.fr\/?product=sac-maternelle-savane-2#primaryimage"},"image":{"@id":"https:\/\/mamscouture.fr\/?product=sac-maternelle-savane-2#primaryimage"},"thumbnailUrl":"https:\/\/mamscouture.fr\/wp-content\/uploads\/2026\/01\/07F2838F-E015-449B-897B-FB136B7D76D9.jpeg","datePublished":"2026-01-04T13:56:10+00:00","dateModified":"2026-04-02T21:22:25+00:00","breadcrumb":{"@id":"https:\/\/mamscouture.fr\/?product=sac-maternelle-savane-2#breadcrumb"},"inLanguage":"fr-FR","potentialAction":[{"@type":"ReadAction","target":["https:\/\/mamscouture.fr\/?product=sac-maternelle-savane-2"]}]},{"@type":"ImageObject","inLanguage":"fr-FR","@id":"https:\/\/mamscouture.fr\/?product=sac-maternelle-savane-2#primaryimage","url":"https:\/\/mamscouture.fr\/wp-content\/uploads\/2026\/01\/07F2838F-E015-449B-897B-FB136B7D76D9.jpeg","contentUrl":"https:\/\/mamscouture.fr\/wp-content\/uploads\/2026\/01\/07F2838F-E015-449B-897B-FB136B7D76D9.jpeg","width":1536,"height":2048},{"@type":"BreadcrumbList","@id":"https:\/\/mamscouture.fr\/?product=sac-maternelle-savane-2#breadcrumb","itemListElement":[{"@type":"ListItem","position":1,"name":"Accueil","item":"https:\/\/mamscouture.fr\/"},{"@type":"ListItem","position":2,"name":"Boutique","item":"https:\/\/mamscouture.fr\/?page_id=6"},{"@type":"ListItem","position":3,"name":"sac maternelle savane"}]},{"@type":"WebSite","@id":"https:\/\/mamscouture.fr\/#website","url":"https:\/\/mamscouture.fr\/","name":"Mam&#039;s couture","description":"Un site utilisant WordPress","potentialAction":[{"@type":"SearchAction","target":{"@type":"EntryPoint","urlTemplate":"https:\/\/mamscouture.fr\/?s={search_term_string}"},"query-input":{"@type":"PropertyValueSpecification","valueRequired":true,"valueName":"search_term_string"}}],"inLanguage":"fr-FR"}]}},"jetpack_sharing_enabled":true,"_links":{"self":[{"href":"https:\/\/mamscouture.fr\/index.php?rest_route=\/wp\/v2\/product\/4015","targetHints":{"allow":["GET"]}}],"collection":[{"href":"https:\/\/mamscouture.fr\/index.php?rest_route=\/wp\/v2\/product"}],"about":[{"href":"https:\/\/mamscouture.fr\/index.php?rest_route=\/wp\/v2\/types\/product"}],"replies":[{"embeddable":true,"href":"https:\/\/mamscouture.fr\/index.php?rest_route=%2Fwp%2Fv2%2Fcomments&post=4015"}],"wp:featuredmedia":[{"embeddable":true,"href":"https:\/\/mamscouture.fr\/index.php?rest_route=\/wp\/v2\/media\/4010"}],"wp:attachment":[{"href":"https:\/\/mamscouture.fr\/index.php?rest_route=%2Fwp%2Fv2%2Fmedia&parent=4015"}],"wp:term":[{"taxonomy":"product_cat","embeddable":true,"href":"https:\/\/mamscouture.fr\/index.php?rest_route=%2Fwp%2Fv2%2Fproduct_cat&post=4015"},{"taxonomy":"product_tag","embeddable":true,"href":"https:\/\/mamscouture.fr\/index.php?rest_route=%2Fwp%2Fv2%2Fproduct_tag&post=4015"}],"curies":[{"name":"wp","href":"https:\/\/api.w.org\/{rel}","templated":true}]}}